2 + 5*b - 10. Let o(l) = -5*l**2 + 2*l - 5. Let z(i) = 13*o(i) - 6*t(i). What is z(4)?
-5
Let h(u) = -9 - 9*u - 1242*u**2 + 3 + 1241*u**2. Give h(-7).
8
Let s(p) = p**2 + 8*p - 11. Let y = -70 - -61. Give s(y).
-2
Let o(q) = 5*q - q + q - q - 4. Let k(r) = -5*r + 3. Let t(w) = -3*k(w) - 4*o(w). Give t(7).
0
Suppose -2*b + 1 - 3 = 0. Let o be 1/(b/9) - -2. Let i(m) = 9*m**2 + 19*m - 8. Let k(n) = 20*n**2 + 41*n - 17. Let g(h) = 9*i(h) - 4*k(h). What is g(o)?
-4
Suppose 75 = 4*g + g + t, -25 = 5*t. Let u = -12 + g. Let m(c) = 4*c. Give m(u).
16
Suppose 36 = 4*p - 2*g, -9*g - 35 = -5*p - 4*g. Let z(w) = w - 24. Give z(p).
-13
Let b(d) = -d**3 - 9*d**2 - 14*d - 1. Let t be b(-7). Let v be (4/16*0)/t. Let h(p) = 24 - 22 - p**3 + 2*p**3 + p**2. Calculate h(v).
2
Let i = 129/2 + -64. Let o(d) be the second derivative of -1/6*d**3 - i*d**2 - 9*d + 0. Calculate o(-7).
6
Let z be (30/25)/((-2)/(-5)). Suppose 3*v = 3*x - 15, -2*x = -z*x - 5*v + 11. Let g(t) = 0*t + 0*t - x*t. Calculate g(-1).
6
Let b(l) = -7*l - 1. Let y(a) = a. Let g(f) = -b(f) - 4*y(f). Suppose -o = -5*o. Let c = -4 - o. What is g(c)?
-11
Suppose 0*i = -5*i. Let k = 4 + i. Let x be k/6 + 4/3. Let c(f) = -f - 2. Give c(x).
-4
Suppose -4*q + 60 = -5*f, -2*f - 3*f - 35 = q. Let v = 1 - -11. Let p = f + v. Let n(y) = -y**2 + 5*y - 4. Determine n(p).
0
Let h(y) = 10*y**3 - 32*y**2 + 43*y + 74. Let z(f) = -3*f**3 + 11*f**2 - 14*f - 24. Let k(t) = -2*h(t) - 7*z(t). Calculate k(12).
20
Let v be (-6)/(-21) - 12/(-7). Let r(q) = 4*q**2 + 6*q - 3*q - 3*q**v + 4. Let c(l) = l**3 + 5*l**2 - 17*l + 2. Let w be c(2). What is r(w)?
8
Let z(c) = c**3 + 9*c**2 + 7*c - 9. Let d be (-2 - (0 + -3))*(-42)/6. Determine z(d).
40
Let s(t) = -2*t - 9 + 9 + 0. Let y(a) = a**3 + 7*a**2 - 4. Let k be y(-7). Let j = -7 - k. Give s(j).
6
Let g(u) = 9*u**2 - u - 2. Let l = 31 - 32. Let w be g(l). Let j(k) = 2 + 8 + 1 - k. Give j(w).
3
Let w(a) = 3*a - 7. Let n(s) = -2*s**3 + 48*s**2 - s + 29. Let l be n(24). Calculate w(l).
8
Let b(f) = -3*f**2 - f - 3. Let p be b(-3). Let a be p/(-7) + 1/7. Suppose 8 + a = 3*v. Let s(m) = -m**2 + 4*m - 1. Calculate s(v).
-1
Let q(w) = -6*w**3 - 15*w**2 - 2*w - 8. Let y(b) = b**3 + b**2 - 1. Let d(u) = -q(u) - 5*y(u). Let p be (-12)/(-45)*-3*(-525)/(-42). What is d(p)?
-7
Let u = 85/8 + -49/8. Let y(d) be the second derivative of 7/12*d**4 + 0 - 7/6*d**3 + u*d**2 - 1/20*d**5 - 4*d. Determine y(6).
3
Let w(z) = z + 4. Let h be w(-3). Suppose 4 = 4*s - 8. Let j(g) = -s*g + 3*g - g - 4 - 9*g**2 + 5. Give j(h).
-9
Let w(x) = -5*x + 50. Suppose q + 4*r + 3 = 0, 0 = 4*q + 2*r - 40 + 10. Calculate w(q).
5
Let k(u) = -u**2 + 3 - 100*u**3 - 1 + 129*u**3 - 1. What is k(1)?
29
Let p = -502 - -497. Let y(b) = b**2 + 3*b + 3. Give y(p).
13
Let h(w) = w**3 + 3*w**2 - 2*w - 1. Suppose 5*p = 4*g - 4 - 0, -5*g = 4*p - 5. Let f(s) = -1 + 0*s**2 - 4*s**2 + 5*s**2. Let u(v) = g*h(v) - 2*f(v). Give u(1).
1
Let x(c) = -c**2 - 10*c - 2. Suppose -273 + 333 = -6*a. Determine x(a).
-2
Let d(i) = 41*i + 47*i - 95*i. What is d(-2)?
14
Let d(u) = -7*u**2 + 13*u - 23. Let f be (-4)/(-6) + 6/(-9). Let m(h) = -4*h - 2*h + 4*h**2 + 8 + f*h + 4. Let z(x) = -3*d(x) - 5*m(x). Give z(6).
-9
Let p(l) = -l**2 + 12*l - 26. Let b be p(5). Let o(r) = -2*r + 11. What is o(b)?
-7
Let b be 1/(5/10 + 0). Let r(a) = 2 + 5 - a**b - 1 - 4*a. Calculate r(-6).
-6
Let q(n) = -n**3 - 3*n**2 - 3*n. Suppose 14*j - 11*j + 2*k + 5 = 0, 18 = -4*j + 3*k. Give q(j).
9
Let i(m) = 2*m**3 - 25*m**2 + 12*m + 6. Let y be i(12). Let o(b) = -2*b**2 - 10*b + 2. Let w(r) = r**2 + 9*r - 2. Let l(s) = -2*o(s) - 3*w(s). Give l(y).
-4
Let c be (5 - 3)/(1 - -1). Let b = c - -4. Suppose 0 = -b*k - 4*n - 16, 3*k + n + 8 = -3. Let y(j) = -j**3 - 5*j**2 - 2*j + 3. Determine y(k).
-5
Let i(r) = -r**2 - r - 10. Suppose 2*g + 122 = -2*v, -5*g = -4*v - 240 + 41. Let p = 56 + v. Calculate i(p).
-10
Let r(a) = 6*a + 6. Let q = 4 - 7. Let v(g) = -17*g - 17. Let k(o) = q*v(o) - 8*r(o). Let i = -512 - -509. Determine k(i).
-6
Let n(u) = u**2 + u - 7. Suppose -2*r - 2 - 5 = 3*t, 2*r - t = -3. Let l be -1*(-4 - -6 - r). Let v be 0/(-3 - (0 + l)). Calculate n(v).
-7
Let t(i) = -2*i + 6. Suppose m = -5*u - 691, -5*m - 53 = 5*u + 622. Let g = 143 + u. What is t(g)?
-2
Let s(v) = -v**3 - 59 - 3*v + 231 - 61 - 60 - 60 - 3*v**2. Calculate s(-4).
19
Let l(h) = -h**3 + h**3 - h + 9 + h**3 - h**2. Let w(k) = -2*k + 9. Let f be w(2). Suppose -f*p + 3 - 3 = 0. Calculate l(p).
9
Let q(g) = 3*g**2 - g - 5. Let z(i) = 2*i**2 + 2*i**2 - 6 + 2 - 1. Let r(j) = -5*q(j) + 4*z(j). Determine r(-4).
1
Let i(c) be the second derivative of 53*c**4/12 - c**2/2 - 454*c + 2. Calculate i(-1).
52
Suppose 3*o + 0*w = 2*w + 270, -o - 2*w + 90 = 0. Let c = o - 92. Let x(l) = l**2 - 3*l - 1. Give x(c).
9
Let z(t) be the first derivative of t**5/60 + 7*t**4/24 + 2*t**3/3 + 6*t**2 - 12. Let u(r) be the second derivative of z(r). Calculate u(-3).
-8
Let m(i) be the second derivative of i**4/12 - 10*i**3/3 + 15*i**2/2 - 117*i. Calculate m(19).
-4
Let r(b) = -27*b - 3. Suppose 0 = 4*c + 5*a - 4 + 11, 4*a + 12 = 0. Determine r(c).
-57
Suppose -4*l = -2*l + 314. Let h = 153 + l. Let u(a) = -a**3 - 4*a**2 - 3. Determine u(h).
-3
Let p(k) = -3*k + 1. Let r be -72*((-28)/(-12) + -3)*1. Suppose -r + 63 = 5*l. Calculate p(l).
-8
Let p(y) = -y**3 + 7*y**2 + 7*y + 22. Let r be p(8). Let w(i) = i - 12. Calculate w(r).
2
Let h(k) = 2*k + 28. Let z(x) = -x - 10. Let y(i) = h(i) + 3*z(i). Give y(-4).
2
Suppose 0 = 5*r - 2*y - 25, 5*r + 3*y = 2*r + 36. Let n(g) = -4*g + 6. Calculate n(r).
-22
Suppose 0*s - 2*s = 20. Let t(k) be the first derivative of k**2/2 + 12*k - 3688. What is t(s)?
2
Let b(r) = -5*r**3 - 1. Suppose 35 = 5*i + 15. Suppose 3 + 1 = c. Suppose c*x = -i*o, 5*o = -0*x + 2*x - 7. Determine b(o).
4
Let z(m) = -m**2 - 6*m + 4. Suppose 86 = -7*n + 604. Let u = -80 + n. Give z(u).
4
Let j(m) = m**2 - 7*m - 2. Let p(v) = -2*v**2 + 7*v + 1. Let q be (6 + -7)*(-1 - 2). Let f(x) = q*j(x) + 2*p(x). Let g = -22 - -16. Give f(g).
2
Let c(u) = -u**2 - u. Let y(h) = 2*h + 4. Let p = -4 - -6. Let k = p - 3. Let a(d) = k*c(d) - y(d). Give a(3).
2
Let y(x) = -3*x + 24. Let o(t) = -14*t + 97. Let s(d) = -2*o(d) + 9*y(d). Calculate s(-21).
1
Let n(w) = w**3 + 4*w**2 - 7*w - 5. Let j(x) = -3*x**3 - 7*x**2 + 15*x + 12. Let d(c) = 2*j(c) + 5*n(c). Calculate d(5).
-1
Let b(g) = 3 - 5*g + g - 8*g**3 + 0*g**3 + 4*g**2 + 5*g**3. Calculate b(2).
-13
Let f(k) be the first derivative of k**4/4 + 2*k**3 + 5*k**2/2 + 8*k + 286. What is f(-6)?
-22
Let q(h) = -h**3 + 6*h**2 - 5*h - 1. Suppose -t + 15 = 3*i + 4, -4*i = 4*t - 20. Suppose 40 = i*y + 5*y. What is q(y)?
-1
Let x(n) = -11*n + 9. Let s(g) = 8*g - 231. Let m be s(29). Calculate x(m).
-2
Let x(l) = -6*l. Suppose 5*r - 24 = -i - 2*i, -4*r = 3*i - 21. Suppose i*u - u - 2 = 0. Determine x(u).
-6
Let g(w) = -w**3 + 8*w**2 - 4*w - 6. Suppose -5*i + 33 = n, -34 = -4*i - 4*n + 2. Let k(q) = -q**3 + 9*q**2 - 5*q - 7. Let p(o) = i*k(o) - 7*g(o). What is p(3)?
3
Let l(y) = -170*y + 695*y - 174*y - 172*y - 177*y. Let m be 4/14 - (-18)/(-14). Let b = -3 - m. Determine l(b).
-4
Let j(d) be the second derivative of d**3/3 - 3*d**2/2 + d. Let p be ((-34)/(-119))/((-6)/(-105)). Calculate j(p).
7
Let y(f) = 3*f + 2. Let b(i) = -2*i - 1. Let n(j) = 2*b(j) + y(j). Calculate n(2).
-2
Let k = 265 + -270. Let r(h) = -3*h - 2. Calculate r(k).
13
Let c(x) = 5*x + 6. Let z(r) = -3*r - 5. Let m(s) = 2*c(s) + 3*z(s). Calculate m(3).
0
Let l(a) = -a**2 - 6*a - 8. Let w(d) = d**2 - 2*d - 1. Let f be w(4). Let t be 640/35 + (-2)/f. Suppose 0 = -2*b - b - t. Determine l(b).
-8
Let z(b) = 4*b - 16 + 12 - 3*b + 0*b. Let w be z(10). Let n(s) be the first derivative of s**4/4 - 7*s**3/3 + 3*s**2/2 + 5*s - 1. Give n(w).
-13
Let t(d) = 2*d + 14. Suppose r = 3*f - 2*r + 18, 2*f + 10 = 4*r. Determine t(f).
0
Let c(i) = 16*i**2 - 25*i - 9. Let o(v) = -3*v**2 + 5*v + 2. Let m(s) = -2*c(s) - 11*o(s). What is m(6)?
2
Let o(a) = 26*a - 3. Let w = 992 - 993. Determine o(w).
-29
Let n = 12 - 8. Suppose t = 3, o - 1 = n*t - 8. Let h(b) = 3 - o*b - 9 + 4*b. Give h(-7).
1
Suppose 4*u + 23 = 107. Let m(p) = p**2 + u - 10 - 18 - 5*p. What is m(6)?
-1
Let p(k) be the first derivative of 11 + 4*k + 1/3*k**3 - 3*k**2. Calculate 